{"id":1016448,"date":"2021-10-19T13:09:58","date_gmt":"2021-10-19T11:09:58","guid":{"rendered":"https:\/\/www.stapis.com.pl\/?post_type=product&#038;p=1016448"},"modified":"2025-02-27T12:43:33","modified_gmt":"2025-02-27T11:43:33","slug":"bohater-dzieci-opowiesc-o-januszu-korczaku-tomek-bogacki","status":"publish","type":"product","link":"https:\/\/stapis.com.pl\/?product=bohater-dzieci-opowiesc-o-januszu-korczaku-tomek-bogacki","title":{"rendered":"Bohater dzieci. Opowie\u015b\u0107 o Januszu Korczaku &#8211; Tomek Bogacki"},"content":{"rendered":"<p><b>Tomek Bogacki<\/b><span style=\"font-weight: 400;\"> &#8211; uko\u0144czy\u0142 malarstwo na Akademii Sztuk Pi\u0119knych w Warszawie. Ma w swoim dorobku ponad 60 ksi\u0105\u017cek skierowanych do m\u0142odych czytelnik\u00f3w, w tym wiele autorskich, wydawanych na ca\u0142ym \u015bwiecie. Wielokrotnie zdobywa\u0142 presti\u017cowe nagrody zar\u00f3wno w Europie, Stanach Zjednoczonych jak i w Wielkiej Brytanii,\u00a0 i Izraelu. Jego ilustracje by\u0142y prezentowane mi\u0119dzy innymi w Centre Georges Pompidou w Pary\u017cu, Victoria and Albert Museum w Londynie, w muzeach w Japonii, we W\u0142oszech, Francji, Izraelu, Nowym Jorku, a tak\u017ce w Polsce. Opr\u00f3cz dzia\u0142alno\u015bci artystycznej, wyk\u0142ada\u0142 na wydziale ilustracji w School of Visual Arts w Nowym Jorku. Od roku 1994 mieszka i pracuje w Nowym Jorku.<\/span><\/p>\n<p>&nbsp;<\/p>\n<p><b>Opis<\/b><\/p>\n<p><span style=\"font-weight: 400;\">Wzruszaj\u0105ca opowie\u015b\u0107 o Januszu Korczaku, cz\u0142owieku wra\u017cliwym na krzywd\u0119 najs\u0142abszych &#8211; dzieci.<\/span><\/p>\n<p><span style=\"font-weight: 400;\">Przepi\u0119kne, nastrojowe ilustracje po\u0142\u0105czone z oszcz\u0119dn\u0105 narracj\u0105, sprawiaj\u0105 \u017ce przedstawiona historia zapada g\u0142\u0119boko w pami\u0119ci. Ksi\u0105\u017cka skierowana jest zar\u00f3wno do m\u0142odych jaki i doros\u0142ych czytelnik\u00f3w.\u00a0\u00a0\u00a0<\/span><\/p>\n<p>&nbsp;<\/p>\n<p><b>Ksi\u0105\u017cka otrzyma\u0142a nast\u0119puj\u0105ce nagrody i wyr\u00f3\u017cnienia:<\/b><\/p>\n<p>&nbsp;<\/p>\n<p><span style=\"font-weight: 400;\">2009\u00a0\u00a0The Champion of Children- Sydney Taylor Notable Book Award-<\/span><\/p>\n<p><span style=\"font-weight: 400;\">2009\u00a0\u00a0The Champion of Children &#8211; Finalist of National Jewish Book Award<\/span><\/p>\n<p><span style=\"font-weight: 400;\">2009 The Champion of Children &#8211;\u00a0\u00a0The Best Of Children&#8217;s Illustrations 2009 \/ Society of Illustrators &#8211; The Original Art\u00a0\u00a0Exhibition -New York, USA<\/span><\/p>\n<p><span style=\"font-weight: 400;\">2011 The Champion of Children &#8211; Yad Vashem award for Children&#8217;s Holocoust Literature &#8211; Israel<\/span><\/p>\n<p>&nbsp;<\/p>\n<blockquote><p><span style=\"font-weight: 400;\">(\u2026) Pomimo \u017ce historia ko\u0144czy si\u0119 tragicznie i mo\u017ce wzbudzi\u0107 poczucie g\u0142\u0119bokiej rozpaczy, autorowi w niezwyk\u0142y spos\u00f3b uda\u0142o si\u0119 stworzy\u0107 atmosfer\u0119 podnios\u0142\u0105 i buduj\u0105c\u0105 mi\u0119dzy innymi poprzez subteln\u0105 i delikatn\u0105 tonacj\u0119 ilustracji (\u2026)<\/span><\/p><\/blockquote>\n<p><span style=\"font-weight: 400;\">Kirkus Reviews (<\/span><i><span style=\"font-weight: 400;\">ciesz\u0105ce si\u0119 du\u017cym\u00a0 zaufaniem \u017ar\u00f3d\u0142o recenzji ksi\u0105\u017ckowych w Stanach Zjednoczonych od 1933 roku<\/span><\/i><span style=\"font-weight: 400;\">)<\/span><\/p>\n<p>&nbsp;<\/p>\n<blockquote><p><span style=\"font-weight: 400;\">(\u2026) Okre\u015blenie \u201einspiruj\u0105cy\u201d niecz\u0119sto jest u\u017cywane wobec ksi\u0105\u017cek o holokau\u015bcie. Jest ono jednak bardzo prawdziwe w odniesieniu do tej biografii Korczaka, kt\u00f3ra unika sentymentalizmu w opowiadaniu o tragedii, odwadze i po\u015bwi\u0119ceniu bohatera. Polskiemu autorowi i ilustratorowi udaje si\u0119 to dzi\u0119ki g\u0142\u0119bokiej prostocie tekstu oraz niezwyk\u0142ej subtelno\u015bci ilustracji przypominaj\u0105cych stare europejskie portrety i s\u0142ynne zdj\u0119cia dzieci z holokaustu.<\/span><\/p><\/blockquote>\n<p><span style=\"font-weight: 400;\">Booklist (<\/span><i><span style=\"font-weight: 400;\">publikacja Ameryka\u0144skiego Stowarzyszenia Bibliotek, \u017ar\u00f3d\u0142o recenzji ksi\u0105\u017ckowych pisanych przez ekspert\u00f3w z American Library Association<\/span><\/i><span style=\"font-weight: 400;\">)<\/span><\/p>\n<p>&nbsp;<\/p>\n","protected":false},"excerpt":{"rendered":"<h1>Premiera: listopad 2021<\/h1>\n<p><b>ISBN druk: <\/b><b>978-83-7967-120-5<\/b><\/p>\n<p><b>Ilo\u015b\u0107 stron: 40<\/b><\/p>\n<p><b>Ok\u0142adka: twarda<\/b><\/p>\n<p><b>Rok wydania: 2021<\/b><\/p>\n<p>Producent: Wydawnictwo Stapis Anna Pisarek, ul. Floriana 2a, 40-288 Katowice, biuro@stapis.com.pl, tel. 605 963 179<\/p>\n<p>&nbsp;<\/p>\n","protected":false},"featured_media":1016449,"comment_status":"closed","ping_status":"closed","template":"","meta":{"_acf_changed":false},"product_brand":[],"product_cat":[54,576],"product_tag":[1263,1261,1264,1265,1267,1262,1266],"class_list":{"0":"post-1016448","1":"product","2":"type-product","3":"status-publish","4":"has-post-thumbnail","6":"product_cat-lit-dziecieca","7":"product_cat-wszystkie","8":"product_tag-bohater-dzieci","9":"product_tag-janusz-korczak","10":"product_tag-ksiazka-dla-dzieci","11":"product_tag-ksiazka-o-korczaku","12":"product_tag-ksiazka-obrazkowa","13":"product_tag-opowiesc-o-januszu-korczaku","14":"product_tag-picturebook","16":"first","17":"instock","18":"taxable","19":"shipping-taxable","20":"purchasable","21":"product-type-simple","23":"catalog-layout-default","24":"columns-xs-2"},"acf":[],"jetpack_sharing_enabled":true,"_links":{"self":[{"href":"https:\/\/stapis.com.pl\/index.php?rest_route=\/wp\/v2\/product\/1016448","targetHints":{"allow":["GET"]}}],"collection":[{"href":"https:\/\/stapis.com.pl\/index.php?rest_route=\/wp\/v2\/product"}],"about":[{"href":"https:\/\/stapis.com.pl\/index.php?rest_route=\/wp\/v2\/types\/product"}],"replies":[{"embeddable":true,"href":"https:\/\/stapis.com.pl\/index.php?rest_route=%2Fwp%2Fv2%2Fcomments&post=1016448"}],"wp:featuredmedia":[{"embeddable":true,"href":"https:\/\/stapis.com.pl\/index.php?rest_route=\/wp\/v2\/media\/1016449"}],"wp:attachment":[{"href":"https:\/\/stapis.com.pl\/index.php?rest_route=%2Fwp%2Fv2%2Fmedia&parent=1016448"}],"wp:term":[{"taxonomy":"product_brand","embeddable":true,"href":"https:\/\/stapis.com.pl\/index.php?rest_route=%2Fwp%2Fv2%2Fproduct_brand&post=1016448"},{"taxonomy":"product_cat","embeddable":true,"href":"https:\/\/stapis.com.pl\/index.php?rest_route=%2Fwp%2Fv2%2Fproduct_cat&post=1016448"},{"taxonomy":"product_tag","embeddable":true,"href":"https:\/\/stapis.com.pl\/index.php?rest_route=%2Fwp%2Fv2%2Fproduct_tag&post=1016448"}],"curies":[{"name":"wp","href":"https:\/\/api.w.org\/{rel}","templated":true}]}}